-3)/(9/(-12)) - 1. Suppose w + 542 = p*w. Suppose 364 = 5*x - w. Is x a composite number?
False
Suppose -4*b + 18 = -2*m, 0 = -b - 5*m - 0 - 23. Suppose b*k - k = 0. Suppose 3*y = -k*y + 21. Is y composite?
False
Suppose 0 = a - 5, -10*a - 1916 = -z - 12*a. Is z composite?
True
Let c be ((-1)/(-2))/((-3)/(-894)). Suppose -2*f + c = -f. Is f a composite number?
False
Let f(t) = t - 9. Let o be f(9). Let h(i) = -i**3 - i + 33. Is h(o) composite?
True
Suppose -2*l + 2 = -0*l. Let p(t) = 144*t - 1. Is p(l) a prime number?
False
Let x = 4137 + -2860. Is x prime?
True
Let g = 387 + 282. Is g composite?
True
Suppose 2 = m, 1496 = 3*p + 5*m + 589. Is p composite?
True
Let y = -8 + 5. Is (-762)/4*(y + 1) composite?
True
Let p(v) = v**2 - 8*v - 5. Let f be p(8). Let k be 2*((-15)/2)/f. Suppose 0 = 2*d - h - 10 - 25, -4*d + 45 = k*h. Is d composite?
True
Let r(p) = 14*p**2 - 4*p + 13. Is r(-7) composite?
False
Suppose -3*a + 4*a - 4 = 0. Suppose 150 = 2*q - 7*m + a*m, -2*q - 4*m + 164 = 0. Let u = -31 + q. Is u composite?
False
Let z be (-1 + 13)/((-4)/66). Let y(r) = r**2 - 21*r - 1. Let q be y(12). Let i = q - z. Is i a composite number?
False
Let q = -8 - -11. Suppose 4*j + 515 = q*g, 4*j + 10 = -j. Is g prime?
False
Suppose 0 = -2*w - w. Suppose w = -v + 2*d + 101, 0 = 5*v + 4*d + d - 475. Is v a composite number?
False
Let z be ((-1)/(-3))/((-13)/(-10413)). Suppose z = n + 2*n. Is n a composite number?
False
Suppose 4*d - 15 = -d. Suppose -d*k - k = 64. Is (-4)/k + (-246)/(-8) a prime number?
True
Let v be (-1)/1 - (-3 + 5). Let y(o) = -2*o**2 + 8*o - 3. Let w(h) = -3*h**2 + 15*h - 5. Let g(m) = 4*w(m) - 7*y(m). Is g(v) a prime number?
True
Let y = -83 + 336. Is y a prime number?
False
Let m(g) = 106*g. Is m(1) prime?
False
Let q(s) be the first derivative of -5 + s + 18*s**2 - 1 + 2 + 6. Is q(1) a composite number?
False
Let y(h) = -660*h - 11. Is y(-4) prime?
False
Let r(v) = -61*v**2 + 3*v. Let p be r(-4). Is (p/(-8) + 1)*2 a prime number?
False
Suppose 10*g - 6181 = 9449. Is g prime?
False
Is 4/(-22) - (-1575)/11 a prime number?
False
Let f(n) = -61*n**3 - 3*n**2 - 3*n - 3. Is f(-2) a composite number?
False
Suppose 0 - 12 = 3*p. Let s(l) = l**3 + 3*l**2 - 6*l - 4. Let v be s(p). Is 0 - -34 - (5 - v) prime?
False
Is (-5)/40*-15658 - (-2)/(-8) a prime number?
False
Let w(j) = -3 + 3*j**3 - 6*j - 1 - 4*j**2 - 3 - 5*j**3. Let c be -12*(0 + (-1)/(-2)). Is w(c) a composite number?
False
Suppose 0*z = z - 4. Suppose z*i - 489 = i. Is i a prime number?
True
Suppose 0 = -8*p + 5*p + 447. Is p composite?
False
Let y(c) be the third derivative of 11*c**6/60 + c**4/24 + 2*c**2. Is y(1) a prime number?
True
Let n = 1 - 4. Let g = 16 + n. Is g prime?
True
Let z(h) = -h**3 + 9*h**2 - 9*h + 1. Let r be z(7). Let q = r - -41. Is q prime?
False
Let q(u) = -u**3 + u**2 + 5*u - 3. Let z be q(3). Let i = z + 8. Suppose -5*o - 3*v = -101, 3*o + 23 = -i*v + 84. Is o a composite number?
False
Suppose -3*d = -15, -s - d = 2*d - 15. Suppose l - 3*i + 12 = 0, 2*l + 8*i - 3*i - 9 = s. Let j = -1 - l. Is j composite?
False
Let w = 4198 - 2541. Is w prime?
True
Let t = -98 + 320. Suppose 4*p - 214 - t = 0. Suppose -45 = -2*g - 3*d - 7, -4*d + p = 5*g. Is g composite?
True
Suppose -25 = -f + 2*p, -7*f = -2*f - 2*p - 85. Let l be (-21)/f - 2/(-5). Is (-7189)/(-28) + l/(-4) a composite number?
False
Let y(u) = -2*u**3 + 14*u**2 + 11*u - 6. Let h(q) = -3*q**3 + 15*q**2 + 10*q - 6. Let a(f) = 3*h(f) - 4*y(f). Is a(-10) prime?
False
Let l = 3839 - -270. Is l a composite number?
True
Let v be (-5)/(-1)*4/20. Let u(r) = -2*r - 1. Let i be u(v). Let w = 24 + i. Is w prime?
False
Suppose 4056 = 8*d - 1904. Is d a prime number?
False
Let f = -77 - -122. Suppose -3*u - 75 = -3*a - 0*a, -3*a = 3*u - f. Let p = 35 - a. Is p composite?
True
Let t(g) be the third derivative of g**5/60 - g**4/24 + 37*g**3/6 + 2*g**2. Is t(0) prime?
True
Let h = 0 + 1. Let w be h + 0 + (-4 - -5). Suppose 406 = 3*c + 5*l, 5*c - 2*c + w*l = 391. Is c composite?
False
Is 6/(72/(-3196))*-3 prime?
False
Suppose -2*d = 2*d - 2008. Is d prime?
False
Let l(x) = -x**2 + 10*x + 4. Let z be l(10). Suppose 0 = z*b - 7*b. Suppose b*s = 2*s - 50. Is s a composite number?
True
Suppose 0 = -y + 3*y - 8. Let v be y*2*(-37)/(-4). Suppose -3*f + v = -f. Is f prime?
True
Let i(k) = 9*k**3 + 2*k**2 + 2*k - 1. Let d(r) = 3*r**2 + 0*r**2 + 10*r - 2*r**2 + 2. Let p be d(-10). Is i(p) a prime number?
True
Let j(t) = 15*t**2 - t + 1. Let b = 1 - -1. Suppose 4*c - 2 - b = 0. Is j(c) composite?
True
Let f be 14*5*12/(-8). Let b = -171 - f. Let c = b + 103. Is c prime?
True
Let r(i) = 42*i - 13. Is r(10) composite?
True
Let h(l) = -20*l**3 - 8*l**2 - 8*l + 3. Is h(-4) a composite number?
False
Is ((1 + 3)/8)/(1/1366) a prime number?
True
Let y = 54 + 11. Is y a composite number?
True
Suppose 368 = 3*k - 283. Is k a prime number?
False
Let a(w) = 5*w**2 + 2*w - 2. Let z be a(-7). Suppose z = j + 70. Is j composite?
True
Is (-4 - 36/(-8))*6874 prime?
False
Let s = 1 + 5. Let h(l) = l - 2*l - 5 - s*l. Is h(-6) prime?
True
Suppose z + 763 = 3*d, 6*z + 8 = 4*z. Is d prime?
False
Suppose 0*i = -5*i - r + 260, 5*i - r - 270 = 0. Is i composite?
False
Is 32991/11 - (-52)/(-286) a prime number?
True
Suppose -5*t = -3*v + 21, -v = t + v + 12. Is t/(-9) - 386/(-6) prime?
False
Let k(g) = -10*g - 4. Let i be k(-4). Is (-886)/(-18) + (-8)/i prime?
False
Let x(d) = 16*d - 5. Is x(4) a composite number?
False
Suppose 8718 = 5*k + 1913. Is k composite?
False
Suppose -4*y = y - 6065. Is y composite?
False
Let j(s) = 78*s - 11. Is j(10) a prime number?
True
Let t(h) = 1 - 4*h + 5*h + h. Is t(5) prime?
True
Suppose -5*b - 137 = 98. Let l = b - -141. Is l a composite number?
True
Let y be (-1)/(-4) + 4/(-16). Let k = -1 - -1. Suppose k = 2*w + 4*n - 108, w + y*n = -5*n + 66. Is w a prime number?
False
Let p be (-4)/(-14) - 1788/(-14). Suppose 5*q - 41 = -2*o + 19, 4*o = -2*q + 136. Let k = p + o. Is k a composite number?
False
Suppose q + 2*q - 5*w = 1905, q + 4*w - 635 = 0. Is q a prime number?
False
Let h be 4/(-18) - (-170)/(-45). Let j = 28 + h. Let z = 37 - j. Is z composite?
False
Let v = -13 - -7. Let w be (-1 - 9/v)*106. Let r = w + -27. Is r a composite number?
True
Is (-1)/3 + 2620/30 a composite number?
True
Let z(h) = h**2 + 7*h - 3. Let j be z(-8). Suppose 3*g = -15, j*g = 2*a + 2*a - 341. Is a composite?
False
Let i = 77 + -46. Is i prime?
True
Let m be (-5)/15 + 148/3. Suppose m = -4*f + 473. Is f a prime number?
False
Let j = 2132 - 1465. Is j a composite number?
True
Let u be ((-8)/(-20))/((-2)/(-20)). Suppose -1 + 9 = u*q, -5*i + q + 333 = 0. Is i composite?
False
Let r = -2 - -4. Let n = 12 + r. Is n a prime number?
False
Let v = 280 - 159. Is v composite?
True
Suppose 3*n - q = 5825, -2 = -q + 2. Is n a composite number?
True
Let u = -10 - 6. Let h = -29 - u. Let i = h - -27. Is i a prime number?
False
Let j be (-1)/(3/((-6)/1)). Suppose 3*s = -j*s. Suppose 4*u + 0*u - 40 = s. Is u composite?
True
Suppose 12 = 4*j - 3*v, 0 = 5*j + v + v + 8. Suppose j = -2*t - t + 66. Is t prime?
False
Let b(l) = 8*l**3 - 1 + 16*l**3 - 4*l**3 + 2*l**2. Is b(1) a composite number?
True
Let y be -1 + (0 - 0 - -7). Let l be 2/10 + 6/(-30). Suppose -y + l = -c. Is c a composite number?
True
Let h(n) = 3*n**2 - 4*n + 3. Let p be h(2). Suppose -6*w = -p*w + 4. Is (-13)/w*4*-1 composite?
False
Suppose 0 = 7*s - 2258 + 697. Is s prime?
True
Suppose 5 - 1 = -g. Is ((-306)/g - -2)*2 prime?
True
Let m(s) = s**3 + 4*s**2 - 5*s - 7. Let p be m(-5). Let l(h) = -10 - 4*h - h**3 - 8*h + 2*h - 8*h**2. Is l(p) a composite number?
False
Suppose 384 = k + 3*k. Let c = -31 + k. Is c composite?
True
Let a(g) be the second derivative of -1/10*g**5 + g - 1/6*g**3 + 0 + 1/6*g**4 - 1/2*g**2. Is a(-2) a composite number?
True
Let o be -10 - (-3 + -2 + 4). Let r(m) = m**3 + 11*m**2 + 12*m + 1. Is r(o) a composite number?
True
Is 22 + (-1 - (-3 + 1)) composite?
False
Suppose -q + 4*k + 145 = 0, -5*q + 344 = 3*k - 289. Suppose 2*v + r = 56 - 21, 4*v + 4*r = 64. Suppose q = 4*i - v. Is i a prime number?
True
Suppose 8*x - x = 21511. Is x a prime number?
False
Let z(d) = 50*d - 7. Is z(6) composite?
False
Let k(a) = 199*a**3 + a**2 - 2*a + 1. Is k(1) prime?
True
Suppose 4*z + 3*j